{"id":4232,"date":"2024-03-27T10:21:49","date_gmt":"2024-03-27T10:21:49","guid":{"rendered":"https:\/\/forgottenpost.com\/?post_type=product&#038;p=4232"},"modified":"2024-03-27T13:22:01","modified_gmt":"2024-03-27T13:22:01","slug":"1000_15032024161106_21","status":"publish","type":"product","link":"https:\/\/forgottenpost.com\/index.php\/product\/1000_15032024161106_21\/","title":{"rendered":"Postcard"},"content":{"rendered":"<p>A black and white picture of the courtyard of the Episcopal Palace in Krom\u011b\u0159\u00ed\u017e, Czech Republic. The Renaissance and Baroque palace was built in the 17th century.<\/p>\n","protected":false},"excerpt":{"rendered":"<p>PC baby orientation=[portrait] [dt=15032024]<\/p>\n","protected":false},"featured_media":4230,"comment_status":"open","ping_status":"closed","template":"","meta":{"_monsterinsights_skip_tracking":false,"_monsterinsights_sitenote_active":false,"_monsterinsights_sitenote_note":"","_monsterinsights_sitenote_category":0},"product_cat":[15],"product_tag":[23],"class_list":{"0":"post-4232","1":"product","2":"type-product","3":"status-publish","4":"has-post-thumbnail","6":"product_cat-uncategorized","7":"product_tag-portrait","9":"first","10":"instock","11":"shipping-taxable","12":"purchasable","13":"product-type-simple"},"aioseo_notices":[],"jetpack_sharing_enabled":true,"_links":{"self":[{"href":"https:\/\/forgottenpost.com\/index.php\/wp-json\/wp\/v2\/product\/4232"}],"collection":[{"href":"https:\/\/forgottenpost.com\/index.php\/wp-json\/wp\/v2\/product"}],"about":[{"href":"https:\/\/forgottenpost.com\/index.php\/wp-json\/wp\/v2\/types\/product"}],"replies":[{"embeddable":true,"href":"https:\/\/forgottenpost.com\/index.php\/wp-json\/wp\/v2\/comments?post=4232"}],"wp:featuredmedia":[{"embeddable":true,"href":"https:\/\/forgottenpost.com\/index.php\/wp-json\/wp\/v2\/media\/4230"}],"wp:attachment":[{"href":"https:\/\/forgottenpost.com\/index.php\/wp-json\/wp\/v2\/media?parent=4232"}],"wp:term":[{"taxonomy":"product_cat","embeddable":true,"href":"https:\/\/forgottenpost.com\/index.php\/wp-json\/wp\/v2\/product_cat?post=4232"},{"taxonomy":"product_tag","embeddable":true,"href":"https:\/\/forgottenpost.com\/index.php\/wp-json\/wp\/v2\/product_tag?post=4232"}],"curies":[{"name":"wp","href":"https:\/\/api.w.org\/{rel}","templated":true}]}}